4375062 - -4?
4375066
In base 10, what is 3 + -1177402?
-1177399
In base 2, what is 10 - 100111101111000110000?
-100111101111000101110
In base 6, what is 1111 - -13531205?
13532320
In base 5, what is -134201022 + -2011?
-134203033
In base 7, what is 240 - -15221545?
15222115
In base 7, what is -202 + -142243?
-142445
In base 5, what is -104124344332 + 13?
-104124344314
In base 6, what is 223 + -5103543?
-5103320
In base 11, what is 20172 + -497a?
162a3
In base 6, what is -53503031 + 4?
-53503023
In base 12, what is 39633050 - 4?
39633048
In base 6, what is -1425324231 - 12?
-1425324243
In base 12, what is 12 + -3a68b7?
-3a68a5
In base 12, what is -7097 + 278?
-6a1b
In base 7, what is 51 + 30424535?
30424616
In base 6, what is 130 - -125255505?
125300035
In base 6, what is 32220034 - -214?
32220252
In base 6, what is 2242121 + 2024?
2244145
In base 3, what is -22110020222 + 122222?
-22102121000
In base 5, what is -300200341 + 30?
-300200311
In base 2, what is 1010101111000111101 - 1000011001?
1010101110000100100
In base 16, what is 703 + -af8?
-3f5
In base 2, what is 111 - 1011110101100111101110111000?
-1011110101100111101110110001
In base 5, what is -12421 - -2003342?
1440421
In base 10, what is 21 - 218360?
-218339
In base 14, what is 3 - b70a90?
-b70a8b
In base 4, what is 21023110023 - -123?
21023110212
In base 10, what is 731890 - 978?
730912
In base 9, what is 110 - 122652?
-122542
In base 16, what is 2 - -79196?
79198
In base 9, what is 3 + -563820?
-563816
In base 3, what is -11112 + 211210220?
211122101
In base 10, what is -33367 - -270?
-33097
In base 6, what is -214 + -402100?
-402314
In base 8, what is -4 + -4274521?
-4274525
In base 10, what is -3 - -573360?
573357
In base 3, what is 110000201 - -202211110?
1012212011
In base 4, what is -31333121122202 + -1?
-31333121122203
In base 16, what is -4f + c6e0?
c691
In base 15, what is -a - -1a5e7a?
1a5e70
In base 14, what is -4 - -dc1407?
dc1403
In base 8, what is 647 + -232241?
-231372
In base 14, what is -1ada6c2 + -1?
-1ada6c3
In base 2, what is 1001011110100011111 + 1000000?
1001011110101011111
In base 11, what is -249 + 638?
39a
In base 9, what is -1071387 + 106?
-1071281
In base 8, what is -1 + -212003?
-212004
In base 8, what is 23005200 - 67?
23005111
In base 11, what is 706238a8 - -2?
706238aa
In base 12, what is 1619a - -3b1?
1658b
In base 14, what is bb - -45d79?
46056
In base 13, what is -3316 - -1719a?
13b84
In base 11, what is -995 - -13865?
12980
In base 6, what is 33 + -344005440?
-344005403
In base 3, what is -1 + -20110011010021220?
-20110011010021221
In base 3, what is 22 - -1021002011211?
1021002012010
In base 9, what is 43 + -2813172?
-2813128
In base 15, what is e - -8d366?
8d375
In base 2, what is 0 - -1101001010010011011111?
1101001010010011011111
In base 15, what is 19 + -169c617?
-169c5ed
In base 6, what is -41202445 + 132?
-41202313
In base 15, what is a2b73 - 4?
a2b6e
In base 13, what is 63b85 + 647?
644cc
In base 9, what is 1 + -2614512?
-2614511
In base 14, what is d742 + -2c8?
d458
In base 2, what is 1110111011010 + 11110101010?
10010110000100
In base 13, what is -4296558 - -13?
-4296545
In base 10, what is -24269463 + 6?
-24269457
In base 3, what is 212120201201 - 2?
212120201122
In base 8, what is -20663262 + 576?
-20662464
In base 8, what is 61553642 - 1?
61553641
In base 6, what is 15140 - 130444?
-111304
In base 10, what is 1 + -7774874?
-7774873
In base 14, what is 1316250a - 4?
13162506
In base 9, what is 4806 - -1856?
6763
In base 15, what is -3cbe7 + -36b?
-3d063
In base 13, what is -9a0 + 5219?
4549
In base 7, what is -1 - -1216253536?
1216253535
In base 16, what is -2c - -6ca3b?
6ca0f
In base 6, what is -511250 + -3444?
-515134
In base 6, what is -105 - -2155324?
2155215
In base 9, what is -452 - -37424?
36862
In base 2, what is 10111010000011 - 11011?
10111001101000
In base 4, what is 23 - 1130100220011?
-1130100213322
In base 8, what is -14076244 + 54?
-14076170
In base 2, what is 100 + 1001100000110101100100001?
1001100000110101100100101
In base 9, what is -30 - -1028252?
1028222
In base 6, what is 2130002 - 1544?
2124014
In base 15, what is 2adca + 1?
2adcb
In base 4, what is -322101 + 1300230?
312123
In base 8, what is -12 + 3713642?
3713630
In base 15, what is 1512eadd - -2?
1512eae0
In base 8, what is 2451076 - 536?
2450340
In base 11, what is 69691 + -a2?
6959a
In base 15, what is 3942 + 441?
3d83
In base 15, what is -68ed18 - a7?
-68edc0
In base 12, what is 1843 - 153a7?
-13764
In base 6, what is -101540224014 - 2?
-101540224020
In base 7, what is -1412 - 11465?
-13210
In base 15, what is -281096 - -11?
-281085
In base 3, what is 22012000201212 + 1222?
22012000210211
In base 5, what is -4423001 - -202?
-4422244
In base 5, what is -1301 - 1012104?
-1013410
In base 8, what is -53660507 + 2?
-53660505
In base 4, what is -30 + -232113021103?
-232113021133
In base 16, what is 3 - 10e9a79?
-10e9a76
In base 5, what is -34100 + -42444?
-132044
In base 12, what is -2 + 36bb415?
36bb413
In base 7, what is -3542453 - -101?
-3542352
In base 8, what is -1536 - -237566?
236030
In base 15, what is 68 - eb7c75?
-eb7c0c
In base 13, what is -8 - 226647?
-226652
In base 7, what is -34653543 - 416?
-34654262
In base 6, what is -14 + 24420014?
24420000
In base 7, what is -1 + 5064304?
5064303
In base 6, what is 103515 + 214244?
322203
In base 3, what is -2 + 201120112022102?
201120112022100
In base 14, what is 4 - a0482d9?
-a0482d5
In base 11, what is 404a6a62 - -3?
404a6a65
In base 14, what is -4 - 2ab0429?
-2ab042d
In base 8, what is 65210 + -6723?
56265
In base 7, what is 50101650 - 201?
50101446
In base 4, what is 13331100321310 - 1?
13331100321303
In base 7, what is -1 + 164566501?
164566500
In base 2, what is 100 - 1111111010010101111000?
-1111111010010101110100
In base 3, what is 2120201212 - 1112110?
2112012102
In base 15, what is -5 - -bd27be?
bd27b9
In base 12, what is 1a + 704535?
704553
In base 5, what is 44333000223 + 3?
44333000231
In base 8, what is 5775142463 + -1?
5775142462
In base 16, what is -11382 + 2439?
-ef49
In base 16, what is -15f16e - 4?
-15f172
In base 16, what is -1 + -8f1453?
-8f1454
In base 13, what is -2 + -aba890?
-aba892
In base 15, what is -d99 + 190?
-c09
In base 16, what is ae802f - -1?
ae8030
In base 6, what is -3 + -532011202?
-532011205
In base 14, what is 46038d - 6?
460387
In base 9, what is -168 - -2462?
2283
In base 13, what is -55a42 + -14?
-55a56
In base 4, what is 11 + 10231332002332?
10231332003003
In base 3, what is -22121000 + -1000100102?
-1022221102
In base 14, what is 24 + 272b98?
272bbc
In base 9, what is 1651818 - 5?
1651813
In base 15, what is 1e1 + 62c7?
64b8
In base 10, what is -25 - -13023217?
13023192
In base 12, what is 106440 - -18?
106458
In base 3, what is 1211110221101101 - 12?
1211110221101012
In base 4, what is 2 + -223022032?
-223022030
In base 9, what is -1561 + -746213?
-747774
In base 11, what is -4827 + -97?
-4913
In base 9, what is -561 + 63588?
63027
In base 14, what is 19 + 1529d5?
152a10
In base 3, what is -11110012120012 + -2?
-11110012120021
In base 10, what is 13255178 - 1?
13255177
In base 4, what is 300121212 + -113311?
300001301
In base 13, what is 1 + 5cb1405?
5cb1406
In base 3, what is -220122200122 + 1101?
-220122122021
In base 14, what is 7 + 69926?
6992d
In base 8, what is 6 - -400405?
400413
In base 15, what is -1d760 - 94?
-1d804
In base 11, what is 280a6 - -1a5?
282a0
In base 10, what is 12128 + -3169?
8959
In base 3, what is -10 - 122020022221?
-122020100001
In base 10, what is -30 + -1308862?
-1308892
In base 12, what is 14249 + 1297?
15524
In base 7, what is -3 - -465601111?
465601105
In base 7, what is -12 + 113162631?
113162616
In base 8, what is -2203 - 202206?
-204411
In base 15, what is -7c - -1024ac?
102430
In base 14, what is 2362 + 3c1?
2743
In base 5, what is 2333423041 + -1?
2333423040
In base 2, what is -1000 + 1010111010110001100000011?
1010111010110001011111011
In base 8, what is 151463 - 2011?
147452
In base 11, what is -3 + -327a5158?
-327a5160
In base 15, what is -2 - 66201a?
-66201c
In base 14, what is -1d1c2a1 + 0?
-1d1c2a1
In base 12, what is -30 - -5439a?
5436a
In base 15, what is -38 - 596ee?
-59737
In base 3, what is 11012001202000121 - -2?